 = -8 + 4*l + 2 + f - q*l. Calculate t(-1).
2
Let k(p) be the first derivative of -1/8*p**4 - 1/360*p**6 - 7 - 1/40*p**5 + 0*p**2 - p**3 + 0*p. Let h(q) be the third derivative of k(q). What is h(-3)?
-3
Let v(q) = q**3 - 11*q**2 - 11*q - 18. Let h = 173 - 161. Calculate v(h).
-6
Suppose -5*l = 5*c - 9 - 51, 22 = c + 3*l. Let r(h) be the third derivative of h**4/24 - h**3 + 1545*h**2. What is r(c)?
1
Let x(d) = d**2 - 7*d + 2. Suppose -17 - 19 = -2*j. Let l = -11 + j. What is x(l)?
2
Let a(w) = 2*w**2 - w + 1. Let t(u) = -u**2 + u - 1. Let n(m) = a(m) + t(m). Let r(z) = z**3 + 7*z**2 - 2*z - 1. Let p(h) = -3*n(h) + r(h). Determine p(-5).
-16
Let b = 62 + -57. Let t(o) = -b - 4*o + 7*o + o - 5*o. Determine t(-7).
2
Let m(o) = -o**2 - 5*o + 7. Let k = 15 - 6. Suppose 0*g = 3*g + k. Let c be (g/(-6))/((-3)/36). Give m(c).
1
Suppose -43*n + 46*n - 12 = 0. Let k(v) = -v + 7 - 7. Let y(l) = 7*l + 1. Let b(j) = -6*k(j) - y(j). Give b(n).
-5
Let s(d) = -d**3 + 6*d**2 + 6*d - 5. Let j(o) = 2*o**3 - 2*o**2 - o + 7. Let c be j(0). Calculate s(c).
-12
Suppose 2*z - 24 = 4*s + 14, -2*z + 31 = -3*s. Let n = 3 + s. Let y(j) be the second derivative of -j**4/12 - j**3/2 - 2*j**2 + 3*j. What is y(n)?
-8
Suppose -6*s + s + 20 = 0. Let w(n) = n**3 - 4*n**2 + 3*n - 4. Calculate w(s).
8
Suppose -3*m - 4*k + 9*k = 31, 4*k = m + 22. Let n(g) = -2*g**2 + g + 8. Calculate n(m).
-2
Suppose -h + 12 = -0*h. Let o(x) = 5 + h + x + 7 - 23. Give o(-4).
-3
Let l(v) = -v + 6. Let g be l(0). Let u(i) = 6*i**2 - 2*i - 4. Let f(y) = -5*y + 5*y**2 + 2*y - 8 + 4. Let x(p) = 5*f(p) - 4*u(p). What is x(g)?
-10
Let r(y) = -12*y. Let x be -5 - -12*(-2)/(-6). What is r(x)?
12
Let y(s) = -2*s**2 + 18*s - 15. Let k be y(8). Let n(u) = -1. Let m(g) = -2*g - 5. Let w(j) = m(j) - 6*n(j). Calculate w(k).
-1
Let u(x) = x**2 + x - 10. Let i = -2 - -2. Let m be (i*(-4)/(-12))/(-2). Give u(m).
-10
Let v(u) be the first derivative of 1/2*u**2 + 18 - 9*u. Give v(9).
0
Let n(x) = -17*x - 231. Let h be n(-14). Let f(i) = 3*i + 7. What is f(h)?
28
Let v = -317 - -312. Let s(h) = -5*h - 6. What is s(v)?
19
Let l(a) = -a + 4. Let t(b) = -2*b + 8. Suppose -4*i = 0, 2*r - 5*i + 3*i - 8 = 0. Let k(q) = r*t(q) - 7*l(q). Determine k(-6).
10
Let u be (4 - 2 - (-2 + 5))*-3. Let c(s) = -5*s**2 - 4*s - 3. Let t(n) = -4*n**2 - 5*n - 4. Let m(z) = u*c(z) - 4*t(z). Determine m(-6).
-5
Let q(l) = -4*l + 4 - 5*l + 5*l + 2*l**2. Calculate q(2).
4
Let h(w) = 15. Let x(u) = -u + 1. Let f(b) = h(b) - 2*x(b). Let c(q) = q**3 + 2*q**2 - 14*q - 37. Let d be c(-2). Give f(d).
-5
Let w(c) = c**3 + 3*c**2 - 4*c - 12. Let h be 3 + 1 - ((-12 - -8) + 13). What is w(h)?
-42
Suppose -2*d = -47 - 49. Suppose -4*l + d - 8 = 0. Suppose 35 = 5*m + l. Let o(a) = a**2 - 4*a - 7. Give o(m).
-2
Let d(z) be the second derivative of -z**7/840 - z**6/60 - 7*z**5/120 - z**4/6 - 17*z**3/6 - 13*z. Let r(u) be the second derivative of d(u). What is r(-5)?
6
Let c(v) = -v**2 + 10*v + 28. Let r be c(12). Let i(d) = -d**3 + 3*d**2 - d + 2. Determine i(r).
-18
Let p(k) = -k - 17 + 6*k + 0*k - k. Let w be p(5). Let q be (-1)/(44/16 - w). Let f(a) = a**2 - 5*a + 1. Give f(q).
-3
Let q(t) = -7*t + 11. Let h(b) = -11*b + 15. Let a(x) = 5*h(x) - 8*q(x). Let g(p) = -2*p + 1. Let d be g(-4). Calculate a(d).
-4
Let y(m) be the third derivative of 0 + 1/12*m**4 + 0*m + 1/6*m**3 + m**2 - 1/120*m**6 - 1/60*m**5. Determine y(2).
-7
Let h(x) = 3*x**3 - 2*x**2 + 2*x. Let d be h(2). Let g be (-8)/d - 99/15. Let s(n) = n**2 + 10*n + 8. Determine s(g).
-13
Let c(l) be the third derivative of -l**5/60 + l**2. Let b(m) = -2*m**3 + m + 1 + 3*m**2 + m**3 + 2*m**3. Let x be b(-3). Determine c(x).
-4
Let h(k) be the third derivative of -k**5/15 - k**4/24 + k**3/6 - 4*k**2 + 22. Calculate h(-2).
-13
Let u(p) = -p**2 + 4*p + 2. Let h be u(4). Suppose -j - 2 = -v, h*j - 2 = v - 5. Let q(w) = 3*w**3 - 2*w**2 + w. What is q(v)?
2
Suppose -2*y = 3*f - 26, 3*f + 12 - 36 = -3*y. Suppose -4*d - 12 = -3*d + 3*a, 0 = -5*d - a + f. Let h(w) = w**3 + 12*w + 0 + 4*w**2 - d - 9*w. What is h(-3)?
-3
Let k be 2/(-22) - (-3915)/957. Let d(c) = -2*c**2 + 2*c - 3. What is d(k)?
-27
Let g be 1/(-4) - (-52)/16. Let q(o) be the second derivative of -o**5/120 + o**4/4 - 2*o**3/3 - 4*o. Let r(w) be the second derivative of q(w). Determine r(g).
3
Suppose 7*h - 4*h - 3*a = -9, 2*a = -2*h + 14. Suppose h*j = -0*j. Suppose 3*s + s - 16 = j. Let b(f) = -f**3 + 3*f**2 + 3*f + 1. Give b(s).
-3
Let p(z) = -3*z**2 - 23*z + 5. Let t(m) = -2*m**2 - 18*m + 3. Let u(v) = v. Let j(f) = -t(f) - 6*u(f). Let s(o) = 5*j(o) + 3*p(o). Calculate s(4).
-20
Let g = 29 + -27. Suppose 12 = g*p - 5*i, 2*p - i = -p - 8. Let l(t) = -t**2 - 6*t - 2. Determine l(p).
6
Let s(g) = g**2 - 3*g + 3. Let i be (6 - 4) + (-6)/(-2). Suppose 5 = -0*l - i*l. Let k be 42/10 + l/5. Calculate s(k).
7
Let j(u) be the first derivative of -u**2/2 - 14*u - 142. Give j(-7).
-7
Suppose -110 = -5*l - 130. Let z(x) = x**3 + 3*x**2 - 5*x - 5. What is z(l)?
-1
Let r(l) = -8*l + 79*l**3 - 40*l**3 - 5 + 12*l**2 - 40*l**3 - 5*l**2. Determine r(6).
-17
Let s(k) = -14*k**2 - 7*k - 4. Let y(i) = -12*i**2 - 5*i - 3. Let c(l) = -2*s(l) + 3*y(l). What is c(-2)?
-31
Let v(c) = -8*c**3 + c. Let y be v(-1). Suppose 5*u + 0*n - 18 = -3*n, -5*u = 2*n - 17. Let o(p) = -1 - 2 - 2*p**u + 0 + 5*p**2 + y - 3*p. Give o(3).
-14
Let j(m) = m**2 - m - 3. Let h(o) = -o**3 + 9*o**2 - o + 12. Let v = 9 - 0. Let u be h(v). Give j(u).
3
Let w(v) = 29*v + 1 + 0*v**2 - 22 + v**2 - 40*v. Determine w(12).
-9
Let x(z) = z**3 + 6*z**2 - 8*z - 3. Let r(a) = -17*a - 364. Let m be r(-21). Determine x(m).
4
Let m(n) = 6*n - 13. Let d be m(16). Suppose -5*b - d = -108. Let k(h) be the first derivative of h**2 - 5*h + 1. Calculate k(b).
5
Let q be 7/21 + 220/15. Suppose -3*v + 36 = -0*v. Let c(h) = -2 + 3 + v*h - q*h. Calculate c(2).
-5
Let n(m) be the first derivative of m - 3 + 1/2*m**2. Give n(4).
5
Let s(j) be the second derivative of j**5/20 + j**4/12 - 2*j**3/3 + j**2/2 - 51*j. Let m = -4 - -9. Suppose -4*z = -m + 17. What is s(z)?
-5
Suppose 5*i - 19 = 1. Suppose -i*j + 4 = -2*q, -5*q + 0 = -20. Let h(n) = -3*n**2 + j*n + 4*n**2 + n - 5*n + 5. Give h(0).
5
Let f = -54 + 59. Suppose 0*n = 4*n - 16, 5*g + f*n + 25 = 0. Let q(u) = u**3 + 10*u**2 + 10*u + 10. Determine q(g).
1
Suppose -2*s - s - 15 = 0. Let a(t) be the third derivative of 0*t**3 - 2*t**2 - 1/120*t**6 + 0*t - 7/24*t**4 - 1/10*t**5 + 0. Calculate a(s).
10
Let t = 4 - -2. Suppose t*x - 2*x = 0. Let u(d) = x*d + 2 - 2 - d. What is u(1)?
-1
Suppose 2 = 4*x - 6. Let o(t) = 3*t**2 - t + 0*t + x*t - t**3 - 2. What is o(3)?
1
Let a(b) = 12*b - 6*b - 2 - 5*b. Let z = -35 - -40. Calculate a(z).
3
Let q(t) = -38*t**2 - 2*t + 79*t**2 - 42*t**2 - 6 + 11. What is q(-3)?
2
Let r(s) = s**3 - 11*s**2 - 11*s - 18. Let g(t) = 4*t + 40. Let k be g(-7). What is r(k)?
-6
Let r(n) be the first derivative of -n**4/4 + 4*n**3/3 + 5*n**2/2 + 7*n - 12. Let t = 27 + -22. Calculate r(t).
7
Suppose z + 1 = 2*z - 3*p, -4*p = -4*z + 12. Let d(c) = c**3 + 11*c**2 - 3 - 16*c**2 + 11*c**2 - 2*c - 9*c**2 + 2. Determine d(z).
7
Let j be ((-5)/(-80)*8)/((-2)/28). Let h(d) = -d**3 - 7*d**2 + 2*d - 4. What is h(j)?
-18
Suppose -5*k + 3*s - 5*s + 45 = 0, k = -2*s + 17. Suppose -1 = -k*l - 8. Let u(p) = -16*p - 1. Calculate u(l).
15
Let a(r) = 12*r**3 - 6 + 10*r + 6*r**2 + 1 - 3*r**3 - 8*r**3 - 6*r. Give a(-5).
0
Let v(n) = 4 + 11 - 2*n + 2*n**2 - 11 - 1. What is v(2)?
7
Let a(c) = 3*c - 1. Let o be a(1). Suppose -2*j - 2 + 3 = l, 2 = -o*l. Let k(h) = h**2 - 2*h. Determine k(j).
-1
Suppose 0*l - 3*l - 4*c - 9 = 0, -6 = 2*l - 2*c. Let i(g) = -3 - 50*g**2 + 27*g**2 - 2*g**3 + g**3 + 21*g**2. What is i(l)?
6
Suppose -5*w - 3*f = -47, 3*w - 25 = -0*f - f. Suppose 5*s - w - 23 = 0. Let v(c) = 0 - 3*c + 6 + 6 - 4. Calculate v(s).
-10
Let u = 4 - 9. Let f(g) be the first derivative of g**4/4 + g**3 - 7*g**2/2 - 479. Determine f(u).
-15
Let y(r) = -r**3 - 4*r**2 - r. Suppose 3*t = 2*f + 5 - 4, -2*f = -2*t + 2. Determine y(f).
-6
Suppose 4*y + 4*x - 3*x = 18, 0 = -4*y + 3*x + 10. Let b(s) = -2*s**3 + 7*s**2 - 6*s + 6. Determine b(y).
-34
Suppose -23*s = -4*s + 114. Let v(h) = -h**2 - 4*h - 2. Determine v(s).
-14
Let l be 48/22 + (-10)/55. Let a(n) = -2 - n**l + 2 